{"id":53159,"date":"2024-01-27T17:26:41","date_gmt":"2024-01-27T14:26:41","guid":{"rendered":"https:\/\/lorisakademi.pixelturk.net\/?page_id=53159"},"modified":"2025-09-04T08:15:14","modified_gmt":"2025-09-04T05:15:14","slug":"iletisim","status":"publish","type":"page","link":"https:\/\/lorisakademi.com\/?page_id=53159","title":{"rendered":"\u0130leti\u015fim"},"content":{"rendered":"<p><iframe width=\"auto\" height=\"500\" style=\"border: 0;\" src=\"https:\/\/www.google.com\/maps\/embed?pb=!1m14!1m8!1m3!1d24160.32174446036!2d29.46485!3d40.80511!3m2!1i1024!2i768!4f13.1!3m3!1m2!1s0x14cb212005f5f745%3A0x9a2d0f22fc184e69!2sOkuyucular%20Kozmetik%20%C3%9Cr%C3%BCnleri%20A.%C5%9F.!5e0!3m2!1str!2sus!4v1706365720061!5m2!1str!2sus\" allowfullscreen=\"allowfullscreen\" loading=\"lazy\" referrerpolicy=\"no-referrer-when-downgrade\"><\/iframe><\/p>\n<h2>Loris Akademi \u0130leti\u015fim<\/h2>\n<p>Soru, g\u00f6r\u00fc\u015f ve \u00f6nerileriniz i\u00e7in bizimle ileti\u015fime ge\u00e7ebilirsiniz.<\/p>\n<h5>Dilovas\u0131 OSB Mahallesi D-4004 Sokak 137 Ada No:3 Gebze\/KOCAEL\u0130<\/h5>\n<p><a>\u00a0<\/a><\/p>\n<h4>444 8 345<\/h4>\n<p>info@lorisakademi.com<\/p>\n<h6>Loris Akademi<\/h6>\n<h2>\u0130leti\u015fim Formu<\/h2>\n<ul><\/ul>\n<form action=\"\/wp-admin\/admin-ajax.php#wpcf7-f37-o1\" method=\"post\" aria-label=\"Contact form\" novalidate=\"novalidate\" data-status=\"init\"><input type=\"hidden\" name=\"_wpcf7\" value=\"37\" \/><br \/>\n<input type=\"hidden\" name=\"_wpcf7_version\" value=\"5.8.6\" \/><br \/>\n<input type=\"hidden\" name=\"_wpcf7_locale\" value=\"en_US\" \/><br \/>\n<input type=\"hidden\" name=\"_wpcf7_unit_tag\" value=\"wpcf7-f37-o1\" \/><br \/>\n<input type=\"hidden\" name=\"_wpcf7_container_post\" value=\"0\" \/><br \/>\n<input type=\"hidden\" name=\"_wpcf7_posted_data_hash\" value=\"\" \/><br \/>\n<input size=\"40\" aria-required=\"true\" aria-invalid=\"false\" placeholder=\"Ad\u0131n\u0131z\" value=\"\" type=\"text\" name=\"your-name\" \/><br \/>\n<input size=\"40\" aria-required=\"true\" aria-invalid=\"false\" placeholder=\"Email Adresi\" value=\"\" type=\"email\" name=\"your-email\" \/><br \/>\n<input size=\"40\" aria-required=\"true\" aria-invalid=\"false\" placeholder=\"Konu\" value=\"\" type=\"text\" name=\"your-name\" \/><br \/>\n<input size=\"40\" aria-required=\"true\" aria-invalid=\"false\" placeholder=\"Telefon\" value=\"\" type=\"text\" name=\"your-name\" \/><br \/>\n<textarea cols=\"40\" rows=\"7\" aria-required=\"true\" aria-invalid=\"false\" placeholder=\"Mesaj\u0131n\u0131z..\" name=\"textarea\"><\/textarea><br \/>\n<input type=\"submit\" value=\"G\u00f6nder\" \/><\/form>\n<p style=\"display: none !important;\" data-prefix=\"_wpcf7_ak_\"><label>\u0394<textarea name=\"_wpcf7_ak_hp_textarea\" cols=\"45\" rows=\"8\" maxlength=\"100\"><\/textarea><\/label><input type=\"hidden\" id=\"ak_js_1\" name=\"_wpcf7_ak_js\" value=\"246\" \/><\/p>\n","protected":false},"excerpt":{"rendered":"<p>Loris Akademi \u0130leti\u015fim Soru, g\u00f6r\u00fc\u015f ve \u00f6nerileriniz i\u00e7in bizimle ileti\u015fime ge\u00e7ebilirsiniz. Dilovas\u0131 OSB Mahallesi D-4004 Sokak 137 Ada No:3 Gebze\/KOCAEL\u0130&#8230;<\/p>\n","protected":false},"author":1,"featured_media":0,"parent":0,"menu_order":0,"comment_status":"closed","ping_status":"closed","template":"","meta":{"footnotes":""},"class_list":["post-53159","page","type-page","status-publish","hentry"],"_links":{"self":[{"href":"https:\/\/lorisakademi.com\/index.php?rest_route=\/wp\/v2\/pages\/53159","targetHints":{"allow":["GET"]}}],"collection":[{"href":"https:\/\/lorisakademi.com\/index.php?rest_route=\/wp\/v2\/pages"}],"about":[{"href":"https:\/\/lorisakademi.com\/index.php?rest_route=\/wp\/v2\/types\/page"}],"author":[{"embeddable":true,"href":"https:\/\/lorisakademi.com\/index.php?rest_route=\/wp\/v2\/users\/1"}],"replies":[{"embeddable":true,"href":"https:\/\/lorisakademi.com\/index.php?rest_route=%2Fwp%2Fv2%2Fcomments&post=53159"}],"version-history":[{"count":8,"href":"https:\/\/lorisakademi.com\/index.php?rest_route=\/wp\/v2\/pages\/53159\/revisions"}],"predecessor-version":[{"id":54130,"href":"https:\/\/lorisakademi.com\/index.php?rest_route=\/wp\/v2\/pages\/53159\/revisions\/54130"}],"wp:attachment":[{"href":"https:\/\/lorisakademi.com\/index.php?rest_route=%2Fwp%2Fv2%2Fmedia&parent=53159"}],"curies":[{"name":"wp","href":"https:\/\/api.w.org\/{rel}","templated":true}]}}